{"id":53,"date":"2020-11-29T15:17:20","date_gmt":"2020-11-29T15:17:20","guid":{"rendered":"https:\/\/20cdigital.websnebrija.es\/lacoletera\/?page_id=53"},"modified":"2020-12-28T17:13:36","modified_gmt":"2020-12-28T17:13:36","slug":"best-sellers","status":"publish","type":"page","link":"https:\/\/20cdigital.websnebrija.es\/lacoletera\/?page_id=53","title":{"rendered":"Best sellers"},"content":{"rendered":"\n<figure class=\"wp-block-pullquote has-background has-white-background-color is-style-solid-color\"><blockquote class=\"has-text-color has-black-color\"><p>Estas navidades querr\u00e1s terciopelo<\/p><cite><a href=\"https:\/\/20cdigital.websnebrija.es\/lacoletera\/?p=202 (abre en una nueva pesta\u00f1a)\">SABER M\u00c1S<\/a><\/cite><\/blockquote><\/figure>\n\n\n\n<figure class=\"wp-block-pullquote has-background has-white-background-color is-style-solid-color\"><blockquote class=\"has-text-color has-black-color\"><p>Se acerca el invierno<\/p><cite><a href=\"https:\/\/20cdigital.websnebrija.es\/lacoletera\/?p=197 (abre en una nueva pesta\u00f1a)\">SABER M\u00c1S<\/a><\/cite><\/blockquote><\/figure>\n\n\n\n<figure class=\"wp-block-pullquote has-background has-white-background-color is-style-solid-color\"><blockquote class=\"has-text-color has-black-color\"><p>Animal print, nunca falla<\/p><cite><a href=\"https:\/\/20cdigital.websnebrija.es\/lacoletera\/?p=188 (abre en una nueva pesta\u00f1a)\">SABER M\u00c1S<\/a><\/cite><\/blockquote><\/figure>\n\n\n\n<div class=\"wp-block-group\"><div class=\"wp-block-group__inner-container is-layout-flow wp-block-group-is-layout-flow\">\n<figure class=\"wp-block-pullquote has-background has-white-background-color is-style-solid-color\"><blockquote class=\"has-text-color has-black-color\"><p>Tu verano m\u00e1s tie dye que nunca<\/p><cite><a href=\"https:\/\/20cdigital.websnebrija.es\/lacoletera\/?p=182\">SABER M\u00c1S<\/a><\/cite><\/blockquote><\/figure>\n<\/div><\/div>\n\n\n\n<figure class=\"wp-block-pullquote has-background has-white-background-color is-style-solid-color\"><blockquote class=\"has-text-color has-black-color\"><p>Un estilo ca\u00f1ero<\/p><cite><a href=\"https:\/\/20cdigital.websnebrija.es\/lacoletera\/?p=193 (abre en una nueva pesta\u00f1a)\">SABER M\u00c1S<\/a><\/cite><\/blockquote><\/figure>\n\n\n\n<h2 class=\"wp-block-heading\"><\/h2>\n","protected":false},"excerpt":{"rendered":"<p>Estas navidades querr\u00e1s terciopelo SABER M\u00c1S Se acerca el invierno SABER M\u00c1S Animal print, nunca falla SABER M\u00c1S Tu verano m\u00e1s tie dye que nunca SABER M\u00c1S Un estilo ca\u00f1ero SABER M\u00c1S<\/p>\n","protected":false},"author":1,"featured_media":0,"parent":0,"menu_order":0,"comment_status":"closed","ping_status":"closed","template":"","meta":{"footnotes":""},"class_list":["post-53","page","type-page","status-publish","hentry"],"yoast_head":"<!-- This site is optimized with the Yoast SEO plugin v27.3 - https:\/\/yoast.com\/product\/yoast-seo-wordpress\/ -->\n<title>Best sellers - La Coletera<\/title>\n<meta name=\"robots\" content=\"index, follow, max-snippet:-1, max-image-preview:large, max-video-preview:-1\" \/>\n<link rel=\"canonical\" href=\"https:\/\/20cdigital.websnebrija.es\/lacoletera\/?page_id=53\" \/>\n<meta property=\"og:locale\" content=\"es_ES\" \/>\n<meta property=\"og:type\" content=\"article\" \/>\n<meta property=\"og:title\" content=\"Best sellers - La Coletera\" \/>\n<meta property=\"og:description\" content=\"Estas navidades querr\u00e1s terciopelo SABER M\u00c1S Se acerca el invierno SABER M\u00c1S Animal print, nunca falla SABER M\u00c1S Tu verano m\u00e1s tie dye que nunca SABER M\u00c1S Un estilo ca\u00f1ero SABER M\u00c1S\" \/>\n<meta property=\"og:url\" content=\"https:\/\/20cdigital.websnebrija.es\/lacoletera\/?page_id=53\" \/>\n<meta property=\"og:site_name\" content=\"La Coletera\" \/>\n<meta property=\"article:modified_time\" content=\"2020-12-28T17:13:36+00:00\" \/>\n<meta name=\"twitter:card\" content=\"summary_large_image\" \/>\n<script type=\"application\/ld+json\" class=\"yoast-schema-graph\">{\"@context\":\"https:\\\/\\\/schema.org\",\"@graph\":[{\"@type\":\"WebPage\",\"@id\":\"https:\\\/\\\/20cdigital.websnebrija.es\\\/lacoletera\\\/?page_id=53\",\"url\":\"https:\\\/\\\/20cdigital.websnebrija.es\\\/lacoletera\\\/?page_id=53\",\"name\":\"Best sellers - La Coletera\",\"isPartOf\":{\"@id\":\"https:\\\/\\\/20cdigital.websnebrija.es\\\/lacoletera\\\/#website\"},\"datePublished\":\"2020-11-29T15:17:20+00:00\",\"dateModified\":\"2020-12-28T17:13:36+00:00\",\"breadcrumb\":{\"@id\":\"https:\\\/\\\/20cdigital.websnebrija.es\\\/lacoletera\\\/?page_id=53#breadcrumb\"},\"inLanguage\":\"es\",\"potentialAction\":[{\"@type\":\"ReadAction\",\"target\":[\"https:\\\/\\\/20cdigital.websnebrija.es\\\/lacoletera\\\/?page_id=53\"]}]},{\"@type\":\"BreadcrumbList\",\"@id\":\"https:\\\/\\\/20cdigital.websnebrija.es\\\/lacoletera\\\/?page_id=53#breadcrumb\",\"itemListElement\":[{\"@type\":\"ListItem\",\"position\":1,\"name\":\"Home\",\"item\":\"https:\\\/\\\/20cdigital.websnebrija.es\\\/lacoletera\"},{\"@type\":\"ListItem\",\"position\":2,\"name\":\"Best sellers\"}]},{\"@type\":\"WebSite\",\"@id\":\"https:\\\/\\\/20cdigital.websnebrija.es\\\/lacoletera\\\/#website\",\"url\":\"https:\\\/\\\/20cdigital.websnebrija.es\\\/lacoletera\\\/\",\"name\":\"La Coletera\",\"description\":\"Si buscas coleteros de pelo, este es tu blog\",\"potentialAction\":[{\"@type\":\"SearchAction\",\"target\":{\"@type\":\"EntryPoint\",\"urlTemplate\":\"https:\\\/\\\/20cdigital.websnebrija.es\\\/lacoletera\\\/?s={search_term_string}\"},\"query-input\":{\"@type\":\"PropertyValueSpecification\",\"valueRequired\":true,\"valueName\":\"search_term_string\"}}],\"inLanguage\":\"es\"}]}<\/script>\n<!-- \/ Yoast SEO plugin. -->","yoast_head_json":{"title":"Best sellers - La Coletera","robots":{"index":"index","follow":"follow","max-snippet":"max-snippet:-1","max-image-preview":"max-image-preview:large","max-video-preview":"max-video-preview:-1"},"canonical":"https:\/\/20cdigital.websnebrija.es\/lacoletera\/?page_id=53","og_locale":"es_ES","og_type":"article","og_title":"Best sellers - La Coletera","og_description":"Estas navidades querr\u00e1s terciopelo SABER M\u00c1S Se acerca el invierno SABER M\u00c1S Animal print, nunca falla SABER M\u00c1S Tu verano m\u00e1s tie dye que nunca SABER M\u00c1S Un estilo ca\u00f1ero SABER M\u00c1S","og_url":"https:\/\/20cdigital.websnebrija.es\/lacoletera\/?page_id=53","og_site_name":"La Coletera","article_modified_time":"2020-12-28T17:13:36+00:00","twitter_card":"summary_large_image","schema":{"@context":"https:\/\/schema.org","@graph":[{"@type":"WebPage","@id":"https:\/\/20cdigital.websnebrija.es\/lacoletera\/?page_id=53","url":"https:\/\/20cdigital.websnebrija.es\/lacoletera\/?page_id=53","name":"Best sellers - La Coletera","isPartOf":{"@id":"https:\/\/20cdigital.websnebrija.es\/lacoletera\/#website"},"datePublished":"2020-11-29T15:17:20+00:00","dateModified":"2020-12-28T17:13:36+00:00","breadcrumb":{"@id":"https:\/\/20cdigital.websnebrija.es\/lacoletera\/?page_id=53#breadcrumb"},"inLanguage":"es","potentialAction":[{"@type":"ReadAction","target":["https:\/\/20cdigital.websnebrija.es\/lacoletera\/?page_id=53"]}]},{"@type":"BreadcrumbList","@id":"https:\/\/20cdigital.websnebrija.es\/lacoletera\/?page_id=53#breadcrumb","itemListElement":[{"@type":"ListItem","position":1,"name":"Home","item":"https:\/\/20cdigital.websnebrija.es\/lacoletera"},{"@type":"ListItem","position":2,"name":"Best sellers"}]},{"@type":"WebSite","@id":"https:\/\/20cdigital.websnebrija.es\/lacoletera\/#website","url":"https:\/\/20cdigital.websnebrija.es\/lacoletera\/","name":"La Coletera","description":"Si buscas coleteros de pelo, este es tu blog","potentialAction":[{"@type":"SearchAction","target":{"@type":"EntryPoint","urlTemplate":"https:\/\/20cdigital.websnebrija.es\/lacoletera\/?s={search_term_string}"},"query-input":{"@type":"PropertyValueSpecification","valueRequired":true,"valueName":"search_term_string"}}],"inLanguage":"es"}]}},"_links":{"self":[{"href":"https:\/\/20cdigital.websnebrija.es\/lacoletera\/index.php?rest_route=\/wp\/v2\/pages\/53","targetHints":{"allow":["GET"]}}],"collection":[{"href":"https:\/\/20cdigital.websnebrija.es\/lacoletera\/index.php?rest_route=\/wp\/v2\/pages"}],"about":[{"href":"https:\/\/20cdigital.websnebrija.es\/lacoletera\/index.php?rest_route=\/wp\/v2\/types\/page"}],"author":[{"embeddable":true,"href":"https:\/\/20cdigital.websnebrija.es\/lacoletera\/index.php?rest_route=\/wp\/v2\/users\/1"}],"replies":[{"embeddable":true,"href":"https:\/\/20cdigital.websnebrija.es\/lacoletera\/index.php?rest_route=%2Fwp%2Fv2%2Fcomments&post=53"}],"version-history":[{"count":11,"href":"https:\/\/20cdigital.websnebrija.es\/lacoletera\/index.php?rest_route=\/wp\/v2\/pages\/53\/revisions"}],"predecessor-version":[{"id":253,"href":"https:\/\/20cdigital.websnebrija.es\/lacoletera\/index.php?rest_route=\/wp\/v2\/pages\/53\/revisions\/253"}],"wp:attachment":[{"href":"https:\/\/20cdigital.websnebrija.es\/lacoletera\/index.php?rest_route=%2Fwp%2Fv2%2Fmedia&parent=53"}],"curies":[{"name":"wp","href":"https:\/\/api.w.org\/{rel}","templated":true}]}}