{"id":36,"date":"2020-11-29T13:00:47","date_gmt":"2020-11-29T13:00:47","guid":{"rendered":"https:\/\/20cdigital.websnebrija.es\/lacoletera\/?page_id=36"},"modified":"2021-01-16T10:51:26","modified_gmt":"2021-01-16T10:51:26","slug":"formas-de-uso","status":"publish","type":"page","link":"https:\/\/20cdigital.websnebrija.es\/lacoletera\/?page_id=36","title":{"rendered":"Formas de uso"},"content":{"rendered":"\n<h5 class=\"wp-block-heading\">Ideas para realizar peinados con los coleteros de tela  <\/h5>\n\n\n\n<figure class=\"wp-block-pullquote has-background has-white-background-color is-style-solid-color\"><blockquote class=\"has-text-color has-black-color\"><p>COLETA BAJA<\/p><cite><a href=\"https:\/\/20cdigital.websnebrija.es\/lacoletera\/?p=237\">SABER M\u00c1S<\/a><\/cite><\/blockquote><\/figure>\n\n\n\n<figure class=\"wp-block-pullquote has-background has-white-background-color is-style-solid-color\"><blockquote class=\"has-text-color has-black-color\"><p>COLETA ALTA<\/p><cite><a href=\"https:\/\/20cdigital.websnebrija.es\/lacoletera\/?p=240\">SABER M\u00c1S<\/a><\/cite><\/blockquote><\/figure>\n\n\n\n<figure class=\"wp-block-pullquote has-background has-white-background-color is-style-solid-color\"><blockquote class=\"has-text-color has-black-color\"><p>SEMIRECOGIDO COLETA ALTA<\/p><cite><a href=\"https:\/\/20cdigital.websnebrija.es\/lacoletera\/?p=244\">SABER M\u00c1S<\/a><\/cite><\/blockquote><\/figure>\n\n\n\n<figure class=\"wp-block-pullquote has-background has-white-background-color is-style-solid-color\"><blockquote class=\"has-text-color has-black-color\"><p>DENTRO DE LA TRENZA<\/p><cite><a href=\"https:\/\/20cdigital.websnebrija.es\/lacoletera\/?p=242\">SABER M\u00c1S<\/a><\/cite><\/blockquote><\/figure>\n\n\n\n<figure class=\"wp-block-pullquote has-background has-white-background-color is-style-solid-color\"><blockquote class=\"has-text-color has-black-color\"><p>MO\u00d1O ALTO<\/p><cite><a href=\"https:\/\/20cdigital.websnebrija.es\/lacoletera\/?p=246\">SABER M\u00c1S<\/a><\/cite><\/blockquote><\/figure>\n\n\n\n<figure class=\"wp-block-pullquote has-background has-white-background-color is-style-solid-color\"><blockquote class=\"has-text-color has-black-color\"><p>MO\u00d1O BAJO<\/p><cite><a href=\"https:\/\/20cdigital.websnebrija.es\/lacoletera\/?p=250\">SABER M\u00c1S<\/a><\/cite><\/blockquote><\/figure>\n\n\n\n<figure class=\"wp-block-pullquote has-background has-white-background-color is-style-solid-color\"><blockquote class=\"has-text-color has-black-color\"><p>SEMIRECOGIDO MO\u00d1O<\/p><cite><a href=\"https:\/\/20cdigital.websnebrija.es\/lacoletera\/?p=248\">SABER M\u00c1S<\/a><\/cite><\/blockquote><\/figure>\n\n\n\n<figure class=\"wp-block-pullquote is-style-solid-color\"><blockquote class=\"has-text-color has-black-color\"><p>DOS TRENZAS DE RA\u00cdZ TERMINADAS EN MO\u00d1O<\/p><cite><a href=\"https:\/\/20cdigital.websnebrija.es\/lacoletera\/?p=274\">SABER M\u00c1S<\/a><\/cite><\/blockquote><\/figure>\n\n\n\n<figure class=\"wp-block-pullquote is-style-solid-color\"><blockquote class=\"has-text-color has-black-color\"><p>TRENZA DE ESPIGA<\/p><cite><a href=\"https:\/\/20cdigital.websnebrija.es\/lacoletera\/?p=280\">SABER M\u00c1S<\/a><\/cite><\/blockquote><\/figure>\n","protected":false},"excerpt":{"rendered":"<p>Ideas para realizar peinados con los coleteros de tela COLETA BAJA SABER M\u00c1S COLETA ALTA SABER M\u00c1S SEMIRECOGIDO COLETA ALTA SABER M\u00c1S DENTRO DE LA TRENZA SABER M\u00c1S MO\u00d1O ALTO SABER M\u00c1S MO\u00d1O BAJO SABER M\u00c1S SEMIRECOGIDO MO\u00d1O SABER M\u00c1S DOS TRENZAS DE RA\u00cdZ TERMINADAS EN MO\u00d1O SABER M\u00c1S TRENZA DE ESPIGA SABER M\u00c1S<\/p>\n","protected":false},"author":1,"featured_media":0,"parent":0,"menu_order":0,"comment_status":"closed","ping_status":"closed","template":"","meta":{"footnotes":""},"class_list":["post-36","page","type-page","status-publish","hentry"],"yoast_head":"<!-- This site is optimized with the Yoast SEO plugin v27.3 - https:\/\/yoast.com\/product\/yoast-seo-wordpress\/ -->\n<title>Formas de uso - La Coletera<\/title>\n<meta name=\"robots\" content=\"index, follow, max-snippet:-1, max-image-preview:large, max-video-preview:-1\" \/>\n<link rel=\"canonical\" href=\"https:\/\/20cdigital.websnebrija.es\/lacoletera\/?page_id=36\" \/>\n<meta property=\"og:locale\" content=\"es_ES\" \/>\n<meta property=\"og:type\" content=\"article\" \/>\n<meta property=\"og:title\" content=\"Formas de uso - La Coletera\" \/>\n<meta property=\"og:description\" content=\"Ideas para realizar peinados con los coleteros de tela COLETA BAJA SABER M\u00c1S COLETA ALTA SABER M\u00c1S SEMIRECOGIDO COLETA ALTA SABER M\u00c1S DENTRO DE LA TRENZA SABER M\u00c1S MO\u00d1O ALTO SABER M\u00c1S MO\u00d1O BAJO SABER M\u00c1S SEMIRECOGIDO MO\u00d1O SABER M\u00c1S DOS TRENZAS DE RA\u00cdZ TERMINADAS EN MO\u00d1O SABER M\u00c1S TRENZA DE ESPIGA SABER M\u00c1S\" \/>\n<meta property=\"og:url\" content=\"https:\/\/20cdigital.websnebrija.es\/lacoletera\/?page_id=36\" \/>\n<meta property=\"og:site_name\" content=\"La Coletera\" \/>\n<meta property=\"article:modified_time\" content=\"2021-01-16T10:51:26+00:00\" \/>\n<meta name=\"twitter:card\" content=\"summary_large_image\" \/>\n<script type=\"application\/ld+json\" class=\"yoast-schema-graph\">{\"@context\":\"https:\\\/\\\/schema.org\",\"@graph\":[{\"@type\":\"WebPage\",\"@id\":\"https:\\\/\\\/20cdigital.websnebrija.es\\\/lacoletera\\\/?page_id=36\",\"url\":\"https:\\\/\\\/20cdigital.websnebrija.es\\\/lacoletera\\\/?page_id=36\",\"name\":\"Formas de uso - La Coletera\",\"isPartOf\":{\"@id\":\"https:\\\/\\\/20cdigital.websnebrija.es\\\/lacoletera\\\/#website\"},\"datePublished\":\"2020-11-29T13:00:47+00:00\",\"dateModified\":\"2021-01-16T10:51:26+00:00\",\"breadcrumb\":{\"@id\":\"https:\\\/\\\/20cdigital.websnebrija.es\\\/lacoletera\\\/?page_id=36#breadcrumb\"},\"inLanguage\":\"es\",\"potentialAction\":[{\"@type\":\"ReadAction\",\"target\":[\"https:\\\/\\\/20cdigital.websnebrija.es\\\/lacoletera\\\/?page_id=36\"]}]},{\"@type\":\"BreadcrumbList\",\"@id\":\"https:\\\/\\\/20cdigital.websnebrija.es\\\/lacoletera\\\/?page_id=36#breadcrumb\",\"itemListElement\":[{\"@type\":\"ListItem\",\"position\":1,\"name\":\"Home\",\"item\":\"https:\\\/\\\/20cdigital.websnebrija.es\\\/lacoletera\"},{\"@type\":\"ListItem\",\"position\":2,\"name\":\"Formas de uso\"}]},{\"@type\":\"WebSite\",\"@id\":\"https:\\\/\\\/20cdigital.websnebrija.es\\\/lacoletera\\\/#website\",\"url\":\"https:\\\/\\\/20cdigital.websnebrija.es\\\/lacoletera\\\/\",\"name\":\"La Coletera\",\"description\":\"Si buscas coleteros de pelo, este es tu blog\",\"potentialAction\":[{\"@type\":\"SearchAction\",\"target\":{\"@type\":\"EntryPoint\",\"urlTemplate\":\"https:\\\/\\\/20cdigital.websnebrija.es\\\/lacoletera\\\/?s={search_term_string}\"},\"query-input\":{\"@type\":\"PropertyValueSpecification\",\"valueRequired\":true,\"valueName\":\"search_term_string\"}}],\"inLanguage\":\"es\"}]}<\/script>\n<!-- \/ Yoast SEO plugin. -->","yoast_head_json":{"title":"Formas de uso - La Coletera","robots":{"index":"index","follow":"follow","max-snippet":"max-snippet:-1","max-image-preview":"max-image-preview:large","max-video-preview":"max-video-preview:-1"},"canonical":"https:\/\/20cdigital.websnebrija.es\/lacoletera\/?page_id=36","og_locale":"es_ES","og_type":"article","og_title":"Formas de uso - La Coletera","og_description":"Ideas para realizar peinados con los coleteros de tela COLETA BAJA SABER M\u00c1S COLETA ALTA SABER M\u00c1S SEMIRECOGIDO COLETA ALTA SABER M\u00c1S DENTRO DE LA TRENZA SABER M\u00c1S MO\u00d1O ALTO SABER M\u00c1S MO\u00d1O BAJO SABER M\u00c1S SEMIRECOGIDO MO\u00d1O SABER M\u00c1S DOS TRENZAS DE RA\u00cdZ TERMINADAS EN MO\u00d1O SABER M\u00c1S TRENZA DE ESPIGA SABER M\u00c1S","og_url":"https:\/\/20cdigital.websnebrija.es\/lacoletera\/?page_id=36","og_site_name":"La Coletera","article_modified_time":"2021-01-16T10:51:26+00:00","twitter_card":"summary_large_image","schema":{"@context":"https:\/\/schema.org","@graph":[{"@type":"WebPage","@id":"https:\/\/20cdigital.websnebrija.es\/lacoletera\/?page_id=36","url":"https:\/\/20cdigital.websnebrija.es\/lacoletera\/?page_id=36","name":"Formas de uso - La Coletera","isPartOf":{"@id":"https:\/\/20cdigital.websnebrija.es\/lacoletera\/#website"},"datePublished":"2020-11-29T13:00:47+00:00","dateModified":"2021-01-16T10:51:26+00:00","breadcrumb":{"@id":"https:\/\/20cdigital.websnebrija.es\/lacoletera\/?page_id=36#breadcrumb"},"inLanguage":"es","potentialAction":[{"@type":"ReadAction","target":["https:\/\/20cdigital.websnebrija.es\/lacoletera\/?page_id=36"]}]},{"@type":"BreadcrumbList","@id":"https:\/\/20cdigital.websnebrija.es\/lacoletera\/?page_id=36#breadcrumb","itemListElement":[{"@type":"ListItem","position":1,"name":"Home","item":"https:\/\/20cdigital.websnebrija.es\/lacoletera"},{"@type":"ListItem","position":2,"name":"Formas de uso"}]},{"@type":"WebSite","@id":"https:\/\/20cdigital.websnebrija.es\/lacoletera\/#website","url":"https:\/\/20cdigital.websnebrija.es\/lacoletera\/","name":"La Coletera","description":"Si buscas coleteros de pelo, este es tu blog","potentialAction":[{"@type":"SearchAction","target":{"@type":"EntryPoint","urlTemplate":"https:\/\/20cdigital.websnebrija.es\/lacoletera\/?s={search_term_string}"},"query-input":{"@type":"PropertyValueSpecification","valueRequired":true,"valueName":"search_term_string"}}],"inLanguage":"es"}]}},"_links":{"self":[{"href":"https:\/\/20cdigital.websnebrija.es\/lacoletera\/index.php?rest_route=\/wp\/v2\/pages\/36","targetHints":{"allow":["GET"]}}],"collection":[{"href":"https:\/\/20cdigital.websnebrija.es\/lacoletera\/index.php?rest_route=\/wp\/v2\/pages"}],"about":[{"href":"https:\/\/20cdigital.websnebrija.es\/lacoletera\/index.php?rest_route=\/wp\/v2\/types\/page"}],"author":[{"embeddable":true,"href":"https:\/\/20cdigital.websnebrija.es\/lacoletera\/index.php?rest_route=\/wp\/v2\/users\/1"}],"replies":[{"embeddable":true,"href":"https:\/\/20cdigital.websnebrija.es\/lacoletera\/index.php?rest_route=%2Fwp%2Fv2%2Fcomments&post=36"}],"version-history":[{"count":7,"href":"https:\/\/20cdigital.websnebrija.es\/lacoletera\/index.php?rest_route=\/wp\/v2\/pages\/36\/revisions"}],"predecessor-version":[{"id":285,"href":"https:\/\/20cdigital.websnebrija.es\/lacoletera\/index.php?rest_route=\/wp\/v2\/pages\/36\/revisions\/285"}],"wp:attachment":[{"href":"https:\/\/20cdigital.websnebrija.es\/lacoletera\/index.php?rest_route=%2Fwp%2Fv2%2Fmedia&parent=36"}],"curies":[{"name":"wp","href":"https:\/\/api.w.org\/{rel}","templated":true}]}}