{"id":123,"date":"2020-11-30T12:45:16","date_gmt":"2020-11-30T12:45:16","guid":{"rendered":"https:\/\/20cdigital.websnebrija.es\/lacoletera\/?page_id=123"},"modified":"2020-11-30T13:21:19","modified_gmt":"2020-11-30T13:21:19","slug":"quienes-somos","status":"publish","type":"page","link":"https:\/\/20cdigital.websnebrija.es\/lacoletera\/?page_id=123","title":{"rendered":"Qui\u00e9nes somos"},"content":{"rendered":"\n<div class=\"wp-block-image\"><figure class=\"aligncenter size-large is-resized\"><img loading=\"lazy\" decoding=\"async\" src=\"https:\/\/20cdigital.websnebrija.es\/lacoletera\/wp-content\/uploads\/2020\/11\/17aab8a7742908b63fd4dccadc315081-1-edited.jpg\" alt=\"\" class=\"wp-image-137\" width=\"372\" height=\"232\" srcset=\"https:\/\/20cdigital.websnebrija.es\/lacoletera\/wp-content\/uploads\/2020\/11\/17aab8a7742908b63fd4dccadc315081-1-edited.jpg 474w, https:\/\/20cdigital.websnebrija.es\/lacoletera\/wp-content\/uploads\/2020\/11\/17aab8a7742908b63fd4dccadc315081-1-edited-300x187.jpg 300w\" sizes=\"auto, (max-width: 372px) 100vw, 372px\" \/><\/figure><\/div>\n\n\n\n<p><\/p>\n\n\n\n<p>Si has llegado aqu\u00ed, gracias.<\/p>\n\n\n\n<p>Este proyecto&nbsp;nace de la propuesta de una asignatura de carrera.<\/p>\n\n\n\n<p> Ten\u00edamos ganas de lanzar un blog donde el coletero fuese el complemento protagonista. As\u00ed creamos <em>La coletera<\/em>, una web donde podr\u00e1s encontrar inspiraci\u00f3n e ideas para llevar m\u00e1s all\u00e1 este accesorio en tu d\u00eda a d\u00eda.<\/p>\n\n\n\n<p>Traemos una idea de blog innovador, que esperamos que hayas podido apreciar.<\/p>\n\n\n\n<p><\/p>\n","protected":false},"excerpt":{"rendered":"<p>Si has llegado aqu\u00ed, gracias. Este proyecto&nbsp;nace de la propuesta de una asignatura de carrera. Ten\u00edamos ganas de lanzar un blog donde el coletero fuese el complemento protagonista. As\u00ed creamos La coletera, una web donde podr\u00e1s encontrar inspiraci\u00f3n e ideas para llevar m\u00e1s all\u00e1 este accesorio en tu d\u00eda a d\u00eda. Traemos una idea de blog innovador, que esperamos que hayas podido apreciar.<\/p>\n","protected":false},"author":1,"featured_media":0,"parent":0,"menu_order":0,"comment_status":"closed","ping_status":"closed","template":"","meta":{"footnotes":""},"class_list":["post-123","page","type-page","status-publish","hentry"],"yoast_head":"<!-- This site is optimized with the Yoast SEO plugin v27.3 - https:\/\/yoast.com\/product\/yoast-seo-wordpress\/ -->\n<title>Qui\u00e9nes somos - La Coletera<\/title>\n<meta name=\"robots\" content=\"index, follow, max-snippet:-1, max-image-preview:large, max-video-preview:-1\" \/>\n<link rel=\"canonical\" href=\"https:\/\/20cdigital.websnebrija.es\/lacoletera\/?page_id=123\" \/>\n<meta property=\"og:locale\" content=\"es_ES\" \/>\n<meta property=\"og:type\" content=\"article\" \/>\n<meta property=\"og:title\" content=\"Qui\u00e9nes somos - La Coletera\" \/>\n<meta property=\"og:description\" content=\"Si has llegado aqu\u00ed, gracias. Este proyecto&nbsp;nace de la propuesta de una asignatura de carrera. Ten\u00edamos ganas de lanzar un blog donde el coletero fuese el complemento protagonista. As\u00ed creamos La coletera, una web donde podr\u00e1s encontrar inspiraci\u00f3n e ideas para llevar m\u00e1s all\u00e1 este accesorio en tu d\u00eda a d\u00eda. Traemos una idea de blog innovador, que esperamos que hayas podido apreciar.\" \/>\n<meta property=\"og:url\" content=\"https:\/\/20cdigital.websnebrija.es\/lacoletera\/?page_id=123\" \/>\n<meta property=\"og:site_name\" content=\"La Coletera\" \/>\n<meta property=\"article:modified_time\" content=\"2020-11-30T13:21:19+00:00\" \/>\n<meta property=\"og:image\" content=\"https:\/\/20cdigital.websnebrija.es\/lacoletera\/wp-content\/uploads\/2020\/11\/17aab8a7742908b63fd4dccadc315081-1-edited.jpg\" \/>\n<meta name=\"twitter:card\" content=\"summary_large_image\" \/>\n<script type=\"application\/ld+json\" class=\"yoast-schema-graph\">{\"@context\":\"https:\\\/\\\/schema.org\",\"@graph\":[{\"@type\":\"WebPage\",\"@id\":\"https:\\\/\\\/20cdigital.websnebrija.es\\\/lacoletera\\\/?page_id=123\",\"url\":\"https:\\\/\\\/20cdigital.websnebrija.es\\\/lacoletera\\\/?page_id=123\",\"name\":\"Qui\u00e9nes somos - La Coletera\",\"isPartOf\":{\"@id\":\"https:\\\/\\\/20cdigital.websnebrija.es\\\/lacoletera\\\/#website\"},\"primaryImageOfPage\":{\"@id\":\"https:\\\/\\\/20cdigital.websnebrija.es\\\/lacoletera\\\/?page_id=123#primaryimage\"},\"image\":{\"@id\":\"https:\\\/\\\/20cdigital.websnebrija.es\\\/lacoletera\\\/?page_id=123#primaryimage\"},\"thumbnailUrl\":\"https:\\\/\\\/20cdigital.websnebrija.es\\\/lacoletera\\\/wp-content\\\/uploads\\\/2020\\\/11\\\/17aab8a7742908b63fd4dccadc315081-1-edited.jpg\",\"datePublished\":\"2020-11-30T12:45:16+00:00\",\"dateModified\":\"2020-11-30T13:21:19+00:00\",\"breadcrumb\":{\"@id\":\"https:\\\/\\\/20cdigital.websnebrija.es\\\/lacoletera\\\/?page_id=123#breadcrumb\"},\"inLanguage\":\"es\",\"potentialAction\":[{\"@type\":\"ReadAction\",\"target\":[\"https:\\\/\\\/20cdigital.websnebrija.es\\\/lacoletera\\\/?page_id=123\"]}]},{\"@type\":\"ImageObject\",\"inLanguage\":\"es\",\"@id\":\"https:\\\/\\\/20cdigital.websnebrija.es\\\/lacoletera\\\/?page_id=123#primaryimage\",\"url\":\"https:\\\/\\\/20cdigital.websnebrija.es\\\/lacoletera\\\/wp-content\\\/uploads\\\/2020\\\/11\\\/17aab8a7742908b63fd4dccadc315081-1-edited.jpg\",\"contentUrl\":\"https:\\\/\\\/20cdigital.websnebrija.es\\\/lacoletera\\\/wp-content\\\/uploads\\\/2020\\\/11\\\/17aab8a7742908b63fd4dccadc315081-1-edited.jpg\",\"width\":474,\"height\":296},{\"@type\":\"BreadcrumbList\",\"@id\":\"https:\\\/\\\/20cdigital.websnebrija.es\\\/lacoletera\\\/?page_id=123#breadcrumb\",\"itemListElement\":[{\"@type\":\"ListItem\",\"position\":1,\"name\":\"Home\",\"item\":\"https:\\\/\\\/20cdigital.websnebrija.es\\\/lacoletera\"},{\"@type\":\"ListItem\",\"position\":2,\"name\":\"Qui\u00e9nes somos\"}]},{\"@type\":\"WebSite\",\"@id\":\"https:\\\/\\\/20cdigital.websnebrija.es\\\/lacoletera\\\/#website\",\"url\":\"https:\\\/\\\/20cdigital.websnebrija.es\\\/lacoletera\\\/\",\"name\":\"La Coletera\",\"description\":\"Si buscas coleteros de pelo, este es tu blog\",\"potentialAction\":[{\"@type\":\"SearchAction\",\"target\":{\"@type\":\"EntryPoint\",\"urlTemplate\":\"https:\\\/\\\/20cdigital.websnebrija.es\\\/lacoletera\\\/?s={search_term_string}\"},\"query-input\":{\"@type\":\"PropertyValueSpecification\",\"valueRequired\":true,\"valueName\":\"search_term_string\"}}],\"inLanguage\":\"es\"}]}<\/script>\n<!-- \/ Yoast SEO plugin. -->","yoast_head_json":{"title":"Qui\u00e9nes somos - La Coletera","robots":{"index":"index","follow":"follow","max-snippet":"max-snippet:-1","max-image-preview":"max-image-preview:large","max-video-preview":"max-video-preview:-1"},"canonical":"https:\/\/20cdigital.websnebrija.es\/lacoletera\/?page_id=123","og_locale":"es_ES","og_type":"article","og_title":"Qui\u00e9nes somos - La Coletera","og_description":"Si has llegado aqu\u00ed, gracias. Este proyecto&nbsp;nace de la propuesta de una asignatura de carrera. Ten\u00edamos ganas de lanzar un blog donde el coletero fuese el complemento protagonista. As\u00ed creamos La coletera, una web donde podr\u00e1s encontrar inspiraci\u00f3n e ideas para llevar m\u00e1s all\u00e1 este accesorio en tu d\u00eda a d\u00eda. Traemos una idea de blog innovador, que esperamos que hayas podido apreciar.","og_url":"https:\/\/20cdigital.websnebrija.es\/lacoletera\/?page_id=123","og_site_name":"La Coletera","article_modified_time":"2020-11-30T13:21:19+00:00","og_image":[{"url":"https:\/\/20cdigital.websnebrija.es\/lacoletera\/wp-content\/uploads\/2020\/11\/17aab8a7742908b63fd4dccadc315081-1-edited.jpg","type":"","width":"","height":""}],"twitter_card":"summary_large_image","schema":{"@context":"https:\/\/schema.org","@graph":[{"@type":"WebPage","@id":"https:\/\/20cdigital.websnebrija.es\/lacoletera\/?page_id=123","url":"https:\/\/20cdigital.websnebrija.es\/lacoletera\/?page_id=123","name":"Qui\u00e9nes somos - La Coletera","isPartOf":{"@id":"https:\/\/20cdigital.websnebrija.es\/lacoletera\/#website"},"primaryImageOfPage":{"@id":"https:\/\/20cdigital.websnebrija.es\/lacoletera\/?page_id=123#primaryimage"},"image":{"@id":"https:\/\/20cdigital.websnebrija.es\/lacoletera\/?page_id=123#primaryimage"},"thumbnailUrl":"https:\/\/20cdigital.websnebrija.es\/lacoletera\/wp-content\/uploads\/2020\/11\/17aab8a7742908b63fd4dccadc315081-1-edited.jpg","datePublished":"2020-11-30T12:45:16+00:00","dateModified":"2020-11-30T13:21:19+00:00","breadcrumb":{"@id":"https:\/\/20cdigital.websnebrija.es\/lacoletera\/?page_id=123#breadcrumb"},"inLanguage":"es","potentialAction":[{"@type":"ReadAction","target":["https:\/\/20cdigital.websnebrija.es\/lacoletera\/?page_id=123"]}]},{"@type":"ImageObject","inLanguage":"es","@id":"https:\/\/20cdigital.websnebrija.es\/lacoletera\/?page_id=123#primaryimage","url":"https:\/\/20cdigital.websnebrija.es\/lacoletera\/wp-content\/uploads\/2020\/11\/17aab8a7742908b63fd4dccadc315081-1-edited.jpg","contentUrl":"https:\/\/20cdigital.websnebrija.es\/lacoletera\/wp-content\/uploads\/2020\/11\/17aab8a7742908b63fd4dccadc315081-1-edited.jpg","width":474,"height":296},{"@type":"BreadcrumbList","@id":"https:\/\/20cdigital.websnebrija.es\/lacoletera\/?page_id=123#breadcrumb","itemListElement":[{"@type":"ListItem","position":1,"name":"Home","item":"https:\/\/20cdigital.websnebrija.es\/lacoletera"},{"@type":"ListItem","position":2,"name":"Qui\u00e9nes somos"}]},{"@type":"WebSite","@id":"https:\/\/20cdigital.websnebrija.es\/lacoletera\/#website","url":"https:\/\/20cdigital.websnebrija.es\/lacoletera\/","name":"La Coletera","description":"Si buscas coleteros de pelo, este es tu blog","potentialAction":[{"@type":"SearchAction","target":{"@type":"EntryPoint","urlTemplate":"https:\/\/20cdigital.websnebrija.es\/lacoletera\/?s={search_term_string}"},"query-input":{"@type":"PropertyValueSpecification","valueRequired":true,"valueName":"search_term_string"}}],"inLanguage":"es"}]}},"_links":{"self":[{"href":"https:\/\/20cdigital.websnebrija.es\/lacoletera\/index.php?rest_route=\/wp\/v2\/pages\/123","targetHints":{"allow":["GET"]}}],"collection":[{"href":"https:\/\/20cdigital.websnebrija.es\/lacoletera\/index.php?rest_route=\/wp\/v2\/pages"}],"about":[{"href":"https:\/\/20cdigital.websnebrija.es\/lacoletera\/index.php?rest_route=\/wp\/v2\/types\/page"}],"author":[{"embeddable":true,"href":"https:\/\/20cdigital.websnebrija.es\/lacoletera\/index.php?rest_route=\/wp\/v2\/users\/1"}],"replies":[{"embeddable":true,"href":"https:\/\/20cdigital.websnebrija.es\/lacoletera\/index.php?rest_route=%2Fwp%2Fv2%2Fcomments&post=123"}],"version-history":[{"count":3,"href":"https:\/\/20cdigital.websnebrija.es\/lacoletera\/index.php?rest_route=\/wp\/v2\/pages\/123\/revisions"}],"predecessor-version":[{"id":139,"href":"https:\/\/20cdigital.websnebrija.es\/lacoletera\/index.php?rest_route=\/wp\/v2\/pages\/123\/revisions\/139"}],"wp:attachment":[{"href":"https:\/\/20cdigital.websnebrija.es\/lacoletera\/index.php?rest_route=%2Fwp%2Fv2%2Fmedia&parent=123"}],"curies":[{"name":"wp","href":"https:\/\/api.w.org\/{rel}","templated":true}]}}